3*l - 4*g, t*l - 467 = -g + 602. What are the prime factors of l?
2, 107
List the prime factors of 5*(-8 + 11 - -1730).
5, 1733
Let h be ((-24)/16)/((-6)/(-136)). Let c = h - -52. List the prime factors of (-4)/(-6) - (-2 + (-6)/c).
3
Let x(u) = -79*u**3 - 11*u**2 + 104*u + 541. List the prime factors of x(-5).
3, 1069
Suppose 23186 = 4*z - r, 8*r - 11594 = -2*z + 9*r. Suppose -37*o = -31*o - z. What are the prime factors of o?
2, 3, 7, 23
Let b = -6177 + 10623. What are the prime factors of b?
2, 3, 13, 19
Suppose h - 313 = 3*m + 61, -763 = -2*h + m. Suppose 6*s = -h + 6137. What are the prime factors of s?
7, 137
Let j(k) = 2*k**3 - 10*k**2 + 2*k + 13. Suppose 2*p - 8*l + 5*l = 2, -3*l + 26 = 2*p. What are the prime factors of j(p)?
223
Suppose 17*g - 32312 = -11*g. Suppose 3*a + 4*v + v = 1698, -2*a + g = -4*v. What are the prime factors of a?
571
Suppose -5*z - 5 = 4*q + 3, 5*z - 3*q - 6 = 0. What are the prime factors of 347/((z + -6)/(-6))?
347
Let b(w) = -w**3 + 18*w**2 + 81*w - 125. What are the prime factors of b(20)?
5, 139
Let k be (-25)/30 + 1*4/(-24). What are the prime factors of -491*(k + -2)/3?
491
Let m be (1 + -439)*(-6 - -1). Suppose 0 = 3*a + 3*z - m, 4*z - 3646 = a - 6*a. What are the prime factors of a?
2, 3, 11
Let u be 2/(-13) + 128744/286. Suppose 5*z = -f + u, -161 = -2*z + 3*f + 19. List the prime factors of z.
2, 3, 5
Let h = -43 - -55. Suppose d + 19 = -0*d + 5*a, -3*a + h = 0. List the prime factors of (-81)/54*((-251)/3 - d).
127
Suppose -i + 684 = -0*i - 4*q, q - 1413 = -2*i. Let j = 1165 - i. List the prime factors of j.
461
Let d(q) = 3*q**3 + 34*q**2 - 13*q + 54. Let u(f) = 2*f**3 + 23*f**2 - 9*f + 36. Let k(z) = -5*d(z) + 7*u(z). List the prime factors of k(-10).
2, 31
Let k(z) = 462*z - 2293. List the prime factors of k(84).
5, 67, 109
Suppose -4*w + 70 = -j, 3*w - 6*w + 3*j = -48. Suppose 0 = -w*r - 73 + 3709. What are the prime factors of r?
2, 101
Let b(g) = 456*g**3 - 4*g**2 + 4*g - 1. Suppose -d = -3*d + 2. List the prime factors of b(d).
5, 7, 13
Suppose 6745 = b - y, -13485 = -10*b + 8*b - 3*y. List the prime factors of b.
2, 3, 281
Suppose 9*f = -f + 30. Suppose -f*m = -4*m + 41. Let r = 75 - m. What are the prime factors of r?
2, 17
Let d(s) = -8*s**3 - 29*s**2 + 38*s + 662. List the prime factors of d(-15).
131, 157
Let b be ((-1)/((-3)/48*-4))/1. Let y be (0 + b)*(-1 - (-10)/4). Let c(o) = 2*o**2 - 7*o - 40. List the prime factors of c(y).
2, 37
Let i = 162 - 2238. List the prime factors of i/20*(-380)/57.
2, 173
Let w(h) = -5*h + 17*h**2 + 5 - 8 - 1 + 0*h. Let p be w(3). Suppose -10*q = -p - 556. What are the prime factors of q?
3, 23
Let d(b) = b + 1. Let w(f) = 4*f**2 - 20*f - 6. Let g(i) = -2*d(i) - w(i). What are the prime factors of g(3)?
2, 11
Let j(n) = 814*n**3 - n**2 + 6*n - 5. Let w(l) = 2*l**3 - 24*l**2 + 3*l - 35. Let m be w(12). List the prime factors of j(m).
2, 11, 37
Let n be (-180)/(-16) - 11 - (-2)/(-8). Suppose 2*r - 3*t = 1734, -5*t + n*t = 2*r - 1766. What are the prime factors of r?
3, 97
Let q(g) = g**3 + 3*g**2 + 12*g + 18. Let y be q(-2). List the prime factors of (y + (-54)/5)/(8/(-20)).
2
Suppose 2 = -12*f + 13*f - 5*a, 0 = -4*f + 2*a + 8. What are the prime factors of (f + 1774/8)/(9/36)?
5, 179
Let z = 36 + 15. Let r = z + 94. Suppose -4*a = a - 5*i - 255, -i + r = 3*a. List the prime factors of a.
7
Let s(y) = 6*y**3 - 6*y**2 - 283*y + 10. What are the prime factors of s(23)?
7, 83, 109
Suppose -20 = -4*f, -4*r + 745 = r - 3*f. Let m = r + 8. Let n = m + -6. What are the prime factors of n?
2, 7, 11
What are the prime factors of (12/54*(1 - 9112))/(20/(-60))?
2, 3037
Let d(y) = -762*y**2 + 29*y + 29. Let f(q) = -759*q**2 + 29*q + 29. Let s(o) = 2*d(o) - 3*f(o). What are the prime factors of s(-1)?
3, 251
Let d be (-22982)/(-2) - (-7 + 0). Suppose 0 = -7*a + d - 2307. What are the prime factors of a?
13, 101
Suppose j + 13*z = -4*j + 75705, 3*j = 5*z + 45359. What are the prime factors of j?
2, 31, 61
Let z(p) = -p**2 - p - 72. Suppose 0 = -w + 2*j, 2*w - 7*w = j. Let y be z(w). Let a = y + 124. What are the prime factors of a?
2, 13
Let q = 57 - 49. Suppose 3*k - 377 + q = 0. Let u = 224 - k. What are the prime factors of u?
101
Let s = 1683 + -6245. Let f = s - -6638. What are the prime factors of f?
2, 3, 173
Let t(d) = 199*d**2 - 98*d + 212. What are the prime factors of t(11)?
139, 167
Let b(n) = 68*n**2 - 12*n + 51. List the prime factors of b(8).
59, 73
Suppose 14*f + 9*f = 851759. List the prime factors of f.
29, 1277
Let w be (1284/(-10))/((-8)/20). Let p = w + -16. What are the prime factors of p?
5, 61
Suppose 2*k + 60722 = -5*l + 305775, 5*k + 98027 = 2*l. List the prime factors of l.
3, 17, 31
Let r be 2359 - (-1 + (8 - 6)). Suppose 0 = 7*m - 6770 - r. What are the prime factors of m?
2, 163
Let y(j) = -j**3 + 4*j**2 + 2*j - 9. Let s be y(2). Suppose 4*n - s*n = 128. List the prime factors of (-25)/(-2)*n/40.
2, 5
Let k(u) = -45*u**3 - u**2 - 2*u - 2. Let s = -25 - -41. Let d be (((-20)/s)/(-5))/((-2)/8). What are the prime factors of k(d)?
2, 11
Let u(r) = 60*r**3 + 75*r**2 - 462*r + 20. List the prime factors of u(7).
53, 397
Suppose -114*q + 1724099 = 134939. List the prime factors of q.
2, 5, 17, 41
Suppose 615*g - 446*g + 4735585 = 13490968. List the prime factors of g.
3, 7, 2467
Let t = -17342 + 57713. List the prime factors of t.
3, 13457
Suppose 27*t - 194238 = -72*t. List the prime factors of t.
2, 3, 109
Let f(h) = 65*h**2 + 3*h + 17. Let n be f(-4). Suppose -7*i - o = -6*i + n, -i - 3*o = 1055. List the prime factors of i/(-12) - (-1)/3.
3, 29
Let m = -29 + 61. Let v be -2 + 3 + 3/(12/m). List the prime factors of (-29)/v - -3 - (-562)/18.
31
Let d(b) = -3*b - 49. Let w be d(-16). Let h(u) = -481*u**3 + 2*u**2 - u - 2. What are the prime factors of h(w)?
2, 241
Let s = 102327 - 36281. What are the prime factors of s?
2, 33023
Suppose -10*o = -4*o - 12. Suppose -o = -5*a - 7. Let p(r) = 225*r**2 - r - 2. List the prime factors of p(a).
2, 7
What are the prime factors of ((-4121)/(-2))/((-50)/(-600))?
2, 3, 13, 317
Let l = -42 - -4. Let n = l - -138. List the prime factors of n.
2, 5
Suppose -5*s - 34034 = -21*s - 2306. List the prime factors of s.
3, 661
List the prime factors of -42458*(-20 - -3 - -16).
2, 13, 23, 71
Let y = 75 + -54. Suppose -y = -2*f + 287. List the prime factors of f.
2, 7, 11
Suppose 9 = 12*v - 9*v. Let i(z) = z**2 + 3*z - 12. Let c be i(v). Suppose -c*p + 511 = -389. List the prime factors of p.
2, 3, 5
Suppose 4*c + 102 = 110. What are the prime factors of (3 - (c - -3))*(-1771)/14?
11, 23
List the prime factors of (-113056)/(-2) - (-38 + 39)*9.
56519
Let q(d) = 6*d**3 + 23*d**2 + 130*d - 19. What are the prime factors of q(11)?
2, 3, 5, 7, 29
Let z = 2506 + -2464. Let m = 43 + -82. Let x = z - m. What are the prime factors of x?
3
What are the prime factors of 42/(-48) - (-46698366)/528?
3, 31, 317
Let w(g) = g**2 - 13*g + 4. Let h be w(13). Suppose 8*o = h*o + 864. Suppose -6*p = -0*p - o. What are the prime factors of p?
2, 3
Suppose 0 = -5*h - 4*m, 5*m = 2*h + 2*h. Suppose 6*o = -h*o. Suppose -q + 1 + 91 = o. List the prime factors of q.
2, 23
Suppose 5*j - 5507 - 4668 = -5*k, 5*k = 2*j + 10182. List the prime factors of k.
2, 509
Suppose 4*a + 6*a = -1850. Let h = 185 - a. What are the prime factors of h?
2, 5, 37
Let n = 404 + -1005. Let h = 931 + n. What are the prime factors of h?
2, 3, 5, 11
Let z be (5/(-3))/(-1)*(-36)/(-4). Suppose 2795 = 5*s - 5*i, -3*s - z*i + 1685 = -20*i. What are the prime factors of s?
3, 5, 37
Let g(f) be the third derivative of 39*f**4/4 + 97*f**3/6 - 139*f**2. List the prime factors of g(8).
11, 179
Let b be (1 - -3)/(7/14). Suppose 8 = -b*q - 8. List the prime factors of (-1 - q) + 4*17.
3, 23
Suppose 18763 = v - i + 371, -v - 3*i = -18388. List the prime factors of v.
53, 347
Suppose -6*c + 10*c - 12 = 0. Let n be (522/c)/((-15)/6 - -3). Suppose -n - 228 = -8*g. List the prime factors of g.
2, 3
Suppose 1228 + 2631 = 4*f - 3*a, -4*f + 3854 = 2*a. Let n = f + -292. What are the prime factors of n?
2, 3, 7
Let m(o) be the second derivative of 11*o**3/3 - 11*o**2/2 - o. Let y be (3 - -1) + (1 - -1). What are the prime factors of m(y)?
11
Let x be -3 - (-2 + -752)*4/8. Let w = -36